-276 - -336. What is the greatest common factor of o and g?
12
Let r = -113 - -113. Suppose -x - 4*a + 2*a + 93 = r, 3*a + 9 = 0. Calculate the highest common factor of 11 and x.
11
Suppose -5 = -0*k + k. Let r = k + 8. Suppose -r*s - 7 = -88. Calculate the greatest common factor of 18 and s.
9
Let j be (-8*1)/((-18)/9). Suppose -151 = -3*p - j*h, 82 = 2*p - 4*h + 2*h. Calculate the greatest common divisor of 30 and p.
15
Let z(h) = h + 21. Let x be z(-14). Let g(p) = -8*p**2 + 62*p + 2. Let f be g(x). Calculate the highest common divisor of 11 and f.
11
Let j be 6/15 + 114/15. Let v(s) = -s**2 + 9*s - 8. Let l be v(j). Suppose 4*d + 2*b = 70, l = 3*d - d - b - 29. What is the highest common factor of d and 40?
8
Let o(k) = -6*k - 1. Let u(f) = -f + 3 - 4 + 2. Let i(l) = o(l) - 5*u(l). Let y be i(-11). Calculate the greatest common divisor of y and 2.
1
Let h be 5 - 21/3 - -7. Suppose 47 - 137 = -h*c. What is the greatest common factor of 198 and c?
18
Let a = -504 + 498. Let o(w) = -w**2 + 2*w + 3. Let r be o(3). Let m be (16/a - r)*-6. What is the highest common factor of m and 40?
8
Suppose 0 = -19*h + 20*h - 16. What is the highest common divisor of h and 46?
2
Let p be -4 - ((-640)/(-5))/4. Let a be (p/(-5))/(-6)*-50. Calculate the greatest common divisor of a and 15.
15
Let k be (-1 + -4)*26/(-65). Suppose 3*s - k = 79. What is the highest common factor of 9 and s?
9
Let b be (1 + 0)/((-2)/(-26)). Let l(q) = -7*q - 6. Let d be l(3). Let h = 40 + d. Calculate the highest common factor of h and b.
13
Let k be (-3 - -3)/3 - -18. Let x be 0/k + 7/1. Calculate the highest common factor of 56 and x.
7
Let h = 201 + 159. Calculate the greatest common divisor of h and 216.
72
Let j = 9857 - 9821. Suppose r + 5 = 59. Calculate the highest common factor of r and j.
18
Let n(f) = 3*f - 14. Let i be n(6). Suppose -2*o - 50 = 2*b, -i*o - 155 = o - b. Let r = o + 32. Calculate the greatest common divisor of r and 4.
2
Let r(t) = 49*t - 94. Let y be r(2). Let h(a) = -a**2 - 6*a + 2. Let p be h(-7). Let o be (1 - 0)/(-4 - p). Calculate the greatest common divisor of y and o.
1
Let h = 1171 - 1145. Calculate the highest common factor of h and 325.
13
Let m be (-4)/(-10) - (-6)/(-15). Suppose m = 5*c + 5*c - 380. What is the greatest common divisor of c and 152?
38
Let j = 524 - 452. Calculate the greatest common divisor of 1224 and j.
72
Let d be (-1)/((4/(-8))/1). Let x = 33 - d. Calculate the greatest common divisor of 31 and x.
31
Let v(p) be the third derivative of p**4/6 - p**3/6 + 5*p**2. Let r be v(1). Suppose 4 - 19 = -r*w. Calculate the greatest common factor of 40 and w.
5
Suppose 4*q = q + 396. Suppose 5*y - 2*y - 24 = 0. Suppose 0 = -13*k + y*k + 60. Calculate the greatest common factor of k and q.
12
Let g(b) = 2*b**3 + 14*b - 6. Let l be g(3). What is the greatest common factor of l and 10?
10
Let o be 2/(-1)*(-82 - -3). Let u be (-626)/6 - (-3)/9. Let k = o + u. Calculate the highest common factor of k and 6.
6
Let u(c) = 5*c**2 - 17*c - 90. Let g be u(-6). What is the highest common factor of g and 6?
6
Let k(t) = -t + 9. Let d be k(6). Suppose 4*s - 236 = -3*f - 2*f, -d*s - 120 = -3*f. Calculate the greatest common divisor of 66 and f.
22
Suppose 0*d - 5*d + 5*t = -35, -3*d + t = -13. Let g be (4/d)/(5/360). Suppose 4*n + 2*n - g = 0. What is the greatest common divisor of 24 and n?
8
Let a = 1891 + -1112. What is the greatest common factor of a and 41?
41
Let a be 2/9 - 274/18. Let t be (-175)/a - (-1)/3. Let c = 34 - 10. Calculate the highest common divisor of c and t.
12
Let b(w) = -51*w - 1. Let g be b(-3). Let t(l) = -l**2 - 14*l - 21. Let q be t(-10). Calculate the highest common factor of q and g.
19
Let y = -448 + 498. Let t(b) = -b**3 + 5*b**2 - 3*b + 1. Let d be t(3). What is the highest common factor of y and d?
10
Let b(n) = n**2 + 33*n + 231. Let j be b(-10). Calculate the greatest common divisor of j and 9.
1
Suppose 12 = -4*h + 8*h. Suppose -h*b = -0*b + 39. Let c = 27 - b. Calculate the greatest common divisor of c and 8.
8
Suppose 2*r + 204 = 8*r. Suppose -3*b + 3*w + r = 13, 2*w = -5*b. Suppose x + 208 = b*s + 3*x, 3*x = -5*s + 510. What is the highest common factor of s and 11?
11
Suppose -138 = -d + 2*m, -93 - 52 = -d - 5*m. Calculate the highest common factor of 70 and d.
70
Suppose -2*v + 14 = -0*v. Suppose 2*f = v + 7. Let o be 57 + (1 - 3)/2. What is the greatest common divisor of f and o?
7
Suppose -2*j + p - 4 = 0, -16 = -4*j - p - 3*p. Suppose j = -0*b - b + 9. Calculate the highest common divisor of b and 108.
9
Let b = 69 + -53. Calculate the greatest common divisor of b and 264.
8
Suppose 12 = 5*n - 3*n. Let m(p) = 2*p + 2. Let z be m(n). Let h = -504 - -616. What is the highest common divisor of z and h?
14
Suppose -3*g = -o - 32, 5*g - 38 = 2*g - 5*o. Suppose 31 = 2*i + g. What is the greatest common divisor of i and 4?
2
Suppose -626*h = -622*h - 32. What is the greatest common factor of 904 and h?
8
Suppose 0*g + 126 = 2*g. Suppose s = -3*z + 19, 4*s + 6*z - 4*z - 36 = 0. Calculate the highest common divisor of s and g.
7
Let x = 190 + -181. Suppose s + 0*s - 94 = 5*v, 201 = 2*s + 3*v. What is the greatest common factor of x and s?
9
Let v = -203 + 383. Calculate the highest common factor of v and 300.
60
Let b(v) = -v**2 + 3*v + 42. Let s be b(0). What is the highest common factor of s and 56?
14
Let s(b) = 5*b - 17. Let n be s(4). Suppose a + 10 = n*d - 4*a, 28 = 4*d - 3*a. Suppose 40 = 2*j - 40. What is the greatest common divisor of d and j?
10
Let c be 2 - (-23)/(161/28). What is the greatest common factor of c and 162?
6
Let z(b) be the third derivative of 7*b**4/24 - 5*b**3/6 + b**2. Let l be z(3). Let a be (-440)/(-28) - (-2)/7. Calculate the highest common divisor of l and a.
16
Suppose -6*s - 24 = 0, -5*c + 14*s - 9*s + 965 = 0. Calculate the greatest common factor of 21 and c.
21
Let x = -2 - -5. Let q be (108/60)/(x/10). Suppose q*d - 11*d = -20. Calculate the greatest common divisor of d and 44.
4
Let q be (24/4)/2 + -2 + 2. Calculate the greatest common factor of q and 11.
1
Let x be (90/(-21))/(3/(-14)). Suppose 0 = -17*g + x*g - 303. Let n = g - 49. Calculate the greatest common divisor of n and 13.
13
Let p be (-4 - -2) + (2 - 0). Suppose p = -4*n + 3*n + 23. Calculate the greatest common factor of 253 and n.
23
Suppose 18*q - 13*q - 56 = -2*v, -3*q + 38 = -v. Calculate the greatest common factor of 156 and q.
12
Suppose -11*z - 5*z = -1680. What is the greatest common factor of z and 45?
15
Let v(h) = -h**3 + 20*h**2 + 96*h + 34. Let b be v(24). What is the highest common divisor of 4 and b?
2
Let n(m) = -6*m**3 + 1. Let t be n(-1). Let v(o) = -o**3 - 2*o**2 - 10*o + 5. Let z be v(-4). What is the greatest common divisor of z and t?
7
Let w(q) = -q**3 + 36*q**2 - 13*q - 470. Let h be w(33). Calculate the highest common divisor of 74 and h.
74
Let y = -28 + 39. Suppose 4*h + 5*d - 20 = 4, 3*h = -2*d + y. Let c = 9 - h. What is the highest common factor of 20 and c?
4
Suppose 4*b - 5*z = -25, -2*b - 3*b = 5*z - 25. Suppose b = v + v + 3*y, 26 = 3*v - 2*y. Suppose -10 = -x - v. What is the highest common factor of 20 and x?
4
Suppose -q = -4*z - z - 49, 5*q + 2*z = 110. Let h = 33 + -25. What is the greatest common factor of q and h?
8
Suppose 2*h - 64 + 34 = 0. Suppose h*f + 840 = 20*f. Calculate the highest common divisor of 24 and f.
24
Let v = -61 - -66. Calculate the greatest common divisor of v and 125.
5
Suppose -w + 63 = n, n + 4*w - 4 = 44. Calculate the greatest common divisor of n and 204.
68
Suppose 9 = 11*c - 8*c. Let y be (-1 + c + -2)/1. Let x be 88/(-2 + y)*-1. Calculate the greatest common divisor of 11 and x.
11
Suppose -16560 = 9*c - 69*c. What is the greatest common factor of 48 and c?
12
Suppose 153 = -2*a + 463. Calculate the greatest common divisor of 62 and a.
31
Suppose 5 = -i - 0*f - 2*f, -2*f = 10. Suppose x + 648 = i*x. Let k = x + -78. Calculate the highest common divisor of k and 12.
12
Let c be 1/4*0*2/(-2). Suppose -3*i + 59 = 4*m - 2*m, 3*i + 3*m - 63 = c. What is the greatest common factor of i and 68?
17
Let u(c) be the third derivative of -c**5/60 - c**4/6 + 5*c**2. Let v be u(-3). What is the highest common divisor of v and 3?
3
Suppose -29*y + 48 